7 a composite number?
False
Is 16323331 a composite number?
True
Is 212766403 a prime number?
True
Is 2726723 a composite number?
False
Is 8530213 a prime number?
True
Is 75032627 a composite number?
False
Is 14240881 composite?
True
Is 1672777 composite?
True
Is 134472797 a prime number?
False
Is 476616293 composite?
False
Is 4696513 composite?
False
Is 194759567 composite?
False
Is 6041267 a composite number?
False
Is 1412995 a composite number?
True
Is 485263 composite?
False
Is 328351 a prime number?
False
Is 334138381 prime?
True
Is 15025133 a prime number?
True
Is 86035823 a prime number?
True
Is 3581269 a prime number?
True
Is 18686207 a composite number?
True
Is 6163529 a prime number?
False
Is 98718727 composite?
False
Is 250567 a prime number?
False
Is 504073 composite?
False
Is 44886209 a prime number?
True
Is 1223909 prime?
False
Is 60323867 a prime number?
False
Is 2186621 composite?
True
Is 109559545 a composite number?
True
Is 333377 a prime number?
False
Is 2154301 a composite number?
True
Is 104778169 a composite number?
True
Is 7013297 a prime number?
True
Is 130911139 a prime number?
True
Is 222794291 a prime number?
True
Is 6796507 a composite number?
False
Is 27678373 prime?
False
Is 43187 prime?
False
Is 71405 a prime number?
False
Is 594609373 a prime number?
True
Is 1418485 composite?
True
Is 3246647 composite?
True
Is 56698405 prime?
False
Is 369535 prime?
False
Is 423271333 a prime number?
True
Is 826697 prime?
True
Is 11642597 a composite number?
True
Is 215178011 composite?
True
Is 123249299 a prime number?
True
Is 1664777 a composite number?
True
Is 9196679 prime?
True
Is 8193147 composite?
True
Is 136987021 composite?
False
Is 47834806 a composite number?
True
Is 52095859 prime?
True
Is 90963407 composite?
True
Is 616409 composite?
False
Is 18064529 a prime number?
False
Is 639877 prime?
False
Is 377745861 prime?
False
Is 120377471 composite?
False
Is 63430631 a composite number?
True
Is 2187103 a prime number?
True
Is 18681737 prime?
False
Is 11354593 a prime number?
True
Is 74719237 prime?
False
Is 119459135 prime?
False
Is 14423419 a composite number?
False
Is 1166903 a composite number?
False
Is 9301101 a prime number?
False
Is 47967133 composite?
True
Is 6070651 a composite number?
False
Is 2673701 a composite number?
False
Is 70884283 prime?
False
Is 1603409 a prime number?
False
Is 3266801 prime?
True
Is 2460821 composite?
True
Is 4406939 prime?
True
Is 3671891 prime?
True
Is 42703741 composite?
True
Is 11485621 a prime number?
False
Is 3293627 composite?
True
Is 149602119 composite?
True
Is 24821873 composite?
False
Is 119099 a prime number?
True
Is 997627 composite?
False
Is 901591 a prime number?
True
Is 90070541 prime?
False
Is 974489 a prime number?
True
Is 13019107 a prime number?
False
Is 13697283 prime?
False
Is 1362093 prime?
False
Is 9238033 composite?
True
Is 28860311 a composite number?
False
Is 212791487 composite?
True
Is 854807 composite?
False
Is 16425311 a composite number?
True
Is 178229629 a prime number?
False
Is 811429 a prime number?
True
Is 154795133 prime?
True
Is 1362551 composite?
False
Is 12470253 composite?
True
Is 49564891 a composite number?
True
Is 3830579 a prime number?
True
Is 2253881 a composite number?
True
Is 1960901 a composite number?
False
Is 3364913 composite?
False
Is 304112869 prime?
True
Is 1863559 prime?
True
Is 78204493 composite?
True
Is 81905767 a prime number?
False
Is 63704701 a prime number?
False
Is 156810271 composite?
False
Is 14468843 prime?
False
Is 25749773 a composite number?
True
Is 1044343 a composite number?
False
Is 20202159 a composite number?
True
Is 1241394307 a composite number?
False
Is 9099659 a composite number?
False
Is 405889 composite?
True
Is 70784323 a prime number?
True
Is 1237813 a composite number?
False
Is 1981019 a prime number?
False
Is 20035105 a prime number?
False
Is 5366269 composite?
False
Is 36433747 a prime number?
False
Is 447799379 a composite number?
False
Is 8628349 a composite number?
False
Is 130165363 composite?
False
Is 14155942 a composite number?
True
Is 30739327 prime?
False
Is 476711 composite?
True
Is 16042127 a composite number?
True
Is 13909099 composite?
False
Is 51617567 a prime number?
True
Is 94953427 prime?
False
Is 426813103 prime?
True
Is 816149 a prime number?
False
Is 4805683 prime?
True
Is 13137223 a prime number?
False
Is 33730747 a prime number?
True
Is 117990245 composite?
True
Is 12266123 a prime number?
True
Is 25934219 a composite number?
True
Is 1777 composite?
False
Is 2190427 a prime number?
True
Is 99110957 a prime number?
False
Is 22068379 prime?
True
Is 21740711 a composite number?
False
Is 1526404837 a composite number?
False
Is 2454671 prime?
True
Is 89868353 a prime number?
True
Is 5993233 a prime number?
True
Is 1549033 composite?
False
Is 42060713 composite?
False
Is 42583223 prime?
False
Is 80781997 composite?
False
Is 450989137 composite?
True
Is 10415501 prime?
False
Is 213648133 a prime number?
False
Is 182097101 prime?
True
Is 38996719 a prime number?
False
Is 37964609 composite?
True
Is 210380011 a composite number?
True
Is 13425771 a prime number?
False
Is 9787837 composite?
False
Is 3780017 a composite number?
False
Is 96545503 a composite number?
False
Is 219363913 a prime number?
True
Is 434267081 composite?
True
Is 50403541 a composite number?
False
Is 6536837 composite?
False
Is 4181399 a prime number?
False
Is 245541071 composite?
False
Is 21544363 a prime number?
True
Is 14155807 prime?
True
Is 139547 a composite number?
False
Is 1437607 composite?
False
Is 1759847 a composite number?
False
Is 150444589 composite?
False
Is 8302523 composite?
False
Is 8740246 prime?
False
Is 16114209 composite?
True
Is 505053427 composite?
False
Is 16648837 prime?
False
Is 90421477 a prime number?
True
Is 6712897 a composite number?
True
Is 627719 a prime number?
False
Is 141330587 a composite number?
False
Is 3142939 prime?
True
Is 377197 prime?
True
Is 26599949 a prime number?
True
Is 1025545561 prime?
True
Is 130684403 composite?
False
Is 16737247 prime?
True
Is 80327201 prime?
False
Is 970259 a prime number?
True
Is 39839977 a composite number?
True
Is 102707 a composite number?
True
Is 25743143 a composite number?
False
Is 24919057 prime?
True
Is 3259909 prime?
True
Is 76996793 composite?
True
Is 144563 prime?
True
Is 3699589 a prime number?
False
Is 341878201 composite?
True
Is 269526757 prime?
True
Is 79237639 a composite number?
True
Is 2082163 a composite number?
False
Is 592843 composite?
False
Is 3097979 prime?
True
Is 17191907 a prime number?
True
Is 41985085 a composite number?
True
Is 101421443 a composite number?
False
Is 128661167 a composite number?
False
Is 1629809 a composite number?
False
Is 3220054 a prime number?
False
Is 74974547 a prime number?
True
Is 154216463 composite?
True
Is 57612511 prime?
False
Is 3061459 a prime number?
True
Is 8507126 a composite number?
True
Is 210407431 a composite number?
True
Is 4783085 a prime number?
False
Is 92104471 composite?
False
Is 3725962 a composite number?
True
Is 265818929 composite?
False
Is 2770111 prime?
False
Is 73752143 prime?
False
Is 469507 a composite number?
True
Is 13981193 a composite number?
False
Is 736560817 a composite number?
False
Is 48481691 composite?
False
Is 61519267 prime?
False
Is 8223469 prime?
True
Is 8159923 composite?
False
Is 51255661 a prime number?
False
Is 92233397 a composite number?
False
Is 338316083 a composite number?
True
Is 71629667 composite?
False
Is 2009377 prime?
True
Is 1341121 prime?
True
Is 59727841 a composite number?
True
Is 6796199 a composite number?
False
Is 199383311 a prime number?
True
Is 891481 a composite number?
False
Is 101671069 a composite number?
True
Is 79088627 composite?
False
Is 5144161 composite?
True
Is 598841 composite?
False
Is 14809499 composite?
True
Is 39159739 a composite number?
True
Is 65895303 a prime number?
False
Is 14104591 prime?
True
Is 1299631 composite?
False
Is 8382739 prime?
True
Is 261187951 prime?
True
Is 212663 a prime number?
False
Is 373859 prime?
True
Is 2000103307 a composite number?
False
Is 11840657 composite?
False
Is 531826513 composite?
False
Is 3048781 composite?
False
Is 5232959 composite?
False
Is 3499201 a prime num